{"id":1073,"date":"2017-08-28T11:34:35","date_gmt":"2017-08-28T11:34:35","guid":{"rendered":"http:\/\/denta.cmsmasters.net\/?page_id=1073"},"modified":"2025-11-05T12:41:38","modified_gmt":"2025-11-05T11:41:38","slug":"pflegedienst","status":"publish","type":"page","link":"https:\/\/mim-pflegedienst.de\/index.php\/pflegedienst\/","title":{"rendered":"Pflegedienst"},"content":{"rendered":"<div id=\"cmsmasters_row_w6mt1f5j7o\" class=\"cmsmasters_row cmsmasters_color_scheme_default cmsmasters_row_top_default cmsmasters_row_bot_default cmsmasters_row_boxed\">\n<div class=\"cmsmasters_row_outer_parent\">\n<div class=\"cmsmasters_row_outer\">\n<div class=\"cmsmasters_row_inner\">\n<div class=\"cmsmasters_row_margin\">\n<div id=\"cmsmasters_column_8klcmynpa8\" class=\"cmsmasters_column one_first\">\n<div class=\"cmsmasters_column_inner\"><\/div><\/div>\n<\/div>\n<\/div>\n<\/div>\n<\/div>\n<\/div>\n<div id=\"cmsmasters_row_ix2pskow14\" class=\"cmsmasters_row cmsmasters_color_scheme_default cmsmasters_row_top_default cmsmasters_row_bot_default cmsmasters_row_boxed\">\n<div class=\"cmsmasters_row_outer_parent\">\n<div class=\"cmsmasters_row_outer\">\n<div class=\"cmsmasters_row_inner\">\n<div class=\"cmsmasters_row_margin\">\n<div id=\"cmsmasters_column_r93p60ysk\" class=\"cmsmasters_column one_first\">\n<div class=\"cmsmasters_column_inner\"><div id=\"cmsmasters_heading_tc2clveewk\" class=\"cmsmasters_heading_wrap cmsmasters_heading_align_center\">\n\t<h2 class=\"cmsmasters_heading\">Ihr Pflegedienst in Aumenau<\/h2>\n<\/div>\n<\/div><\/div>\n<\/div>\n<\/div>\n<\/div>\n<\/div>\n<\/div>\n<div id=\"cmsmasters_row_xgt17m1jhq\" class=\"cmsmasters_row cmsmasters_color_scheme_default cmsmasters_row_top_default cmsmasters_row_bot_default cmsmasters_row_boxed\">\n<div class=\"cmsmasters_row_outer_parent\">\n<div class=\"cmsmasters_row_outer\">\n<div class=\"cmsmasters_row_inner\">\n<div class=\"cmsmasters_row_margin\">\n<div id=\"cmsmasters_column_97gumiez7\" class=\"cmsmasters_column one_first\">\n<div class=\"cmsmasters_column_inner\"><div class=\"cmsmasters_text\">\n<p data-start=\"143\" data-end=\"302\"><strong data-start=\"143\" data-end=\"180\">F\u00fchlen Sie sich Wohl in den eigenen vier W\u00e4nden.<\/strong><br data-start=\"180\" data-end=\"183\" \/>Wir m\u00f6chten, dass Sie sich in Ihren eigenen vier W\u00e4nden rundum wohl und sicher f\u00fchlen \u2013 und das so lange wie m\u00f6glich.<\/p>\n<p data-start=\"304\" data-end=\"526\">Unser ambulanter Pflegedienst in <b>Aumenau <\/b>steht Ihnen in allen Lebensbereichen zur Seite:<br data-start=\"396\" data-end=\"399\" \/>Ob Unterst\u00fctzung bei der K\u00f6rperpflege, Hilfe im Haushalt oder die Durchf\u00fchrung medizinischer Ma\u00dfnahmen \u2013 wir sind f\u00fcr Sie da.<\/p>\n<p data-start=\"528\" data-end=\"743\">Wir f\u00f6rdern Ihre Selbstst\u00e4ndigkeit und bieten Ihnen genau dort Hilfe an, wo Sie sie ben\u00f6tigen. Ihre W\u00fcnsche und Bed\u00fcrfnisse stehen f\u00fcr uns im Mittelpunkt und werden selbstverst\u00e4ndlich in die Pflege mit einbezogen.<\/p>\n<p data-start=\"745\" data-end=\"1034\">Die h\u00e4usliche Pflege erfolgt nach einem individuellen Therapieplan, den wir in enger Abstimmung mit Ihren behandelnden \u00c4rzten umsetzen.<br data-start=\"880\" data-end=\"883\" \/>Durch regelm\u00e4\u00dfige Schulungen stellen wir sicher, dass unser Team stets auf dem neuesten Stand der Pflegepraxis ist \u2013 f\u00fcr Ihre bestm\u00f6gliche Betreuung.<\/p>\n<\/div>\n<\/div><\/div>\n<\/div>\n<\/div>\n<\/div>\n<\/div>\n<\/div>\n<div id=\"cmsmasters_row_rnf5u602dh\" class=\"cmsmasters_row cmsmasters_color_scheme_default cmsmasters_row_top_default cmsmasters_row_bot_default cmsmasters_row_boxed\">\n<div class=\"cmsmasters_row_outer_parent\">\n<div class=\"cmsmasters_row_outer\">\n<div class=\"cmsmasters_row_inner\">\n<div class=\"cmsmasters_row_margin\">\n<div id=\"cmsmasters_column_8x8ovfpyai\" class=\"cmsmasters_column one_third\">\n<div class=\"cmsmasters_column_inner\"><div class=\"cmsmasters_text\">\n<h3 data-start=\"120\" data-end=\"134\"><strong data-start=\"120\" data-end=\"132\">Beratung &amp; Unterst\u00fctzung<\/strong><\/h3>\n<p data-start=\"136\" data-end=\"209\">Wir stehen Ihnen mit fachkundiger und individueller Beratung zur Seite:<\/p>\n<p data-start=\"213\" data-end=\"305\"><strong data-start=\"213\" data-end=\"243\">Pers\u00f6nliche Pflegeberatung<\/strong><br \/>\nindividuell auf Ihre Situation und Bed\u00fcrfnisse abgestimmt<\/p>\n<p data-start=\"213\" data-end=\"305\"><strong data-start=\"308\" data-end=\"360\">Beratung zur Pflegeversicherung und Finanzierung<\/strong><br \/>\nwir informieren Sie \u00fcber Leistungen, Anspr\u00fcche und Unterst\u00fctzungsm\u00f6glichkeiten<\/p>\n<p data-start=\"446\" data-end=\"518\"><strong data-start=\"446\" data-end=\"491\">Qualit\u00e4tsnachweis f\u00fcr Pflegegeldempf\u00e4nger<\/strong><br \/>\ngem\u00e4\u00df \u00a7 37 Abs. 3 SGB XI<\/p>\n<p data-start=\"521\" data-end=\"642\"><strong data-start=\"521\" data-end=\"560\">Beratung zu weiteren Hilfsangeboten<\/strong><br \/>\nwir zeigen Ihnen zus\u00e4tzliche Entlastungs- und Unterst\u00fctzungsm\u00f6glichkeiten auf<\/p>\n<\/div>\n<\/div><\/div>\n<div id=\"cmsmasters_column_tw1pjmeyv\" class=\"cmsmasters_column one_third\">\n<div class=\"cmsmasters_column_inner\"><div class=\"cmsmasters_text\">\n<h3 data-start=\"120\" data-end=\"134\"><strong data-start=\"120\" data-end=\"132\">Pflegeleistungen<\/strong><\/h3>\n<p data-start=\"136\" data-end=\"209\">Unser ambulanter Pflegedienst bietet Ihnen ein umfassendes Leistungsangebot \u2013 individuell, zuverl\u00e4ssig und mit Herz:<\/p>\n<p data-start=\"252\" data-end=\"403\"><strong data-start=\"252\" data-end=\"280\">Grundpflege<\/strong><br \/>\nUnterst\u00fctzung bei der t\u00e4glichen K\u00f6rperpflege, Mobilit\u00e4t und Ern\u00e4hrung, mit dem Ziel, Ihre Selbstst\u00e4ndigkeit zu f\u00f6rdern<\/p>\n<p data-start=\"406\" data-end=\"529\"><strong data-start=\"406\" data-end=\"454\">Behandlungspflege nach \u00e4rztlicher Verordnung<\/strong><br \/>\nfachgerechte Durchf\u00fchrung medizinischer Ma\u00dfnahmen im h\u00e4uslichen Umfeld<\/p>\n<p data-start=\"532\" data-end=\"677\"><strong data-start=\"532\" data-end=\"572\">Nachsorge nach Krankenhausaufenthalt<\/strong><br \/>\nwir begleiten Sie auf dem Weg der Genesung und sorgen f\u00fcr einen reibungslosen \u00dcbergang in den Alltag<\/p>\n<p data-start=\"680\" data-end=\"789\"><strong data-start=\"680\" data-end=\"717\">Verhinderungspflege (\u00a7 39 SGB XI)<\/strong><br \/>\nzuverl\u00e4ssige Vertretung Ihrer Angeh\u00f6rigen bei Urlaub oder Krankheit<\/p>\n<p data-start=\"873\" data-end=\"972\"><strong data-start=\"873\" data-end=\"910\">Hauswirtschaftliche Unterst\u00fctzung<\/strong><br \/>\nHilfe im Haushalt f\u00fcr ein gepflegtes und sicheres Zuhause<\/p>\n<\/div>\n<\/div><\/div>\n<div id=\"cmsmasters_column_nokto6vz9\" class=\"cmsmasters_column one_third\">\n<div class=\"cmsmasters_column_inner\"><div class=\"cmsmasters_text\">\n<h3 data-start=\"120\" data-end=\"134\"><strong data-start=\"120\" data-end=\"132\">Behandlungspflege<\/strong><\/h3>\n<p data-start=\"136\" data-end=\"209\">Unsere Behandlungspflege umfasst alle medizinisch verordneten Ma\u00dfnahmen, die zu Hause von unserem Personal durchgef\u00fchrt werden. Dazu geh\u00f6ren unter anderem:<\/p>\n<p data-start=\"321\" data-end=\"358\"><strong data-start=\"321\" data-end=\"336\">Injektionen<\/strong>, z. B. bei Diabetes<\/p>\n<p data-start=\"361\" data-end=\"381\"><strong data-start=\"361\" data-end=\"379\">Wundversorgung<\/strong><\/p>\n<p data-start=\"384\" data-end=\"420\"><strong data-start=\"384\" data-end=\"418\">Verabreichung von Medikamenten<\/strong><\/p>\n<p data-start=\"457\" data-end=\"477\"><strong data-start=\"457\" data-end=\"475\">Katheterpflege<\/strong><\/p>\n<p data-start=\"480\" data-end=\"500\"><strong data-start=\"480\" data-end=\"498\">Portversorgung<\/strong><\/p>\n<p data-start=\"503\" data-end=\"552\"><strong data-start=\"503\" data-end=\"550\">An- und Ausziehen von Kompressionsstr\u00fcmpfen<\/strong><\/p>\n<p data-start=\"555\" data-end=\"595\"><strong data-start=\"555\" data-end=\"593\">Blutdruck- und Blutzuckermessungen<\/strong><\/p>\n<\/div>\n<\/div><\/div>\n<\/div>\n<\/div>\n<\/div>\n<\/div>\n<\/div>\n<div id=\"cmsmasters_row_vwdardory4\" class=\"cmsmasters_row cmsmasters_color_scheme_default cmsmasters_row_top_default cmsmasters_row_bot_default cmsmasters_row_boxed\">\n<div class=\"cmsmasters_row_outer_parent\">\n<div class=\"cmsmasters_row_outer\">\n<div class=\"cmsmasters_row_inner\">\n<div class=\"cmsmasters_row_margin\">\n<div id=\"cmsmasters_column_ouz2cdnrgs\" class=\"cmsmasters_column one_first\">\n<div class=\"cmsmasters_column_inner\"><\/div><\/div>\n<\/div>\n<\/div>\n<\/div>\n<\/div>\n<\/div>\n<div id=\"cmsmasters_row_5v4fw7e4a\" class=\"cmsmasters_row cmsmasters_color_scheme_default cmsmasters_row_top_default cmsmasters_row_bot_default cmsmasters_row_boxed\">\n<div class=\"cmsmasters_row_outer_parent\">\n<div class=\"cmsmasters_row_outer\">\n<div class=\"cmsmasters_row_inner\">\n<div class=\"cmsmasters_row_margin\">\n<div id=\"cmsmasters_column_htu2tbxee\" class=\"cmsmasters_column one_fourth\">\n<div class=\"cmsmasters_column_inner\"><div id=\"cmsmasters_icon_482b7074fk\" class=\"cmsmasters_icon_wrap\"><span class=\"cmsmasters_simple_icon cmsmasters-icon-custom-check-mark\"><\/span><span class=\"cmsmasters_simple_icon_title\"><\/span><\/div>\n<div id=\"cmsmasters_heading_rntkwcca9l\" class=\"cmsmasters_heading_wrap cmsmasters_heading_align_center\">\n\t<h2 class=\"cmsmasters_heading\">Pflegedienst<\/h2>\n<\/div><div class=\"cmsmasters_text\">\n<p style=\"text-align: center;\"><span style=\"color: #fff; font-size: 15px; line-height: 25px; font-weight: 400;\">Wir k\u00fcmmern uns in der medizinischen Pflege um die Gesundheit und das Wohlbefinden der Menschen. Wir messen Blutdruck, verabreichen Medikamente und unterst\u00fctzen bei Behandlungen.<\/span><\/p>\n<\/div>\n<\/div><\/div>\n<div id=\"cmsmasters_column_f7yr54b8vx\" class=\"cmsmasters_column one_fourth\">\n<div class=\"cmsmasters_column_inner\"><div id=\"cmsmasters_icon_iy4s065fzk\" class=\"cmsmasters_icon_wrap\"><span class=\"cmsmasters_simple_icon cmsmasters-icon-custom-home\"><\/span><span class=\"cmsmasters_simple_icon_title\"><\/span><\/div>\n<div id=\"cmsmasters_heading_z178z2w1go\" class=\"cmsmasters_heading_wrap cmsmasters_heading_align_center\">\n\t<h2 class=\"cmsmasters_heading\">Hauswirtschaft<\/h2>\n<\/div><div class=\"cmsmasters_text\">\n<p style=\"text-align: center;\"><span style=\"color: #fff; font-size: 15px; line-height: 25px; font-weight: 400;\">Wir k\u00fcmmern uns in der Hauswirtschaft um alles, was im Haushalt wichtig ist. Wir kochen, reinigen, waschen und organisieren, damit alles gut funktioniert. Dabei achten wir auf Sauberkeit, Ordnung und einen bewussten Umgang mit Ressourcen.<\/span><\/p>\n<\/div>\n<\/div><\/div>\n<div id=\"cmsmasters_column_mrh2opekjw\" class=\"cmsmasters_column one_fourth\">\n<div class=\"cmsmasters_column_inner\"><div id=\"cmsmasters_icon_oji0pmnl8l\" class=\"cmsmasters_icon_wrap\"><span class=\"cmsmasters_simple_icon cmsmasters-icon-custom-heart\"><\/span><span class=\"cmsmasters_simple_icon_title\"><\/span><\/div>\n<div id=\"cmsmasters_heading_qo19wpzp1a\" class=\"cmsmasters_heading_wrap cmsmasters_heading_align_center\">\n\t<h2 class=\"cmsmasters_heading\">Betreuung<\/h2>\n<\/div><div class=\"cmsmasters_text\">\n<p style=\"text-align: center;\"><span style=\"color: #fff; font-size: 15px; line-height: 25px; font-weight: 400;\">Wir begleiten und unterst\u00fctzen \u00e4ltere Menschen im Alltag. Wir helfen bei der Pflege, h\u00f6ren zu, f\u00fchren Gespr\u00e4che und gestalten gemeinsame Aktivit\u00e4ten. Dabei sorgen wir f\u00fcr Wohlbefinden, Sicherheit und ein respektvolles Miteinander.<\/span><\/p>\n<\/div>\n<\/div><\/div>\n<div id=\"cmsmasters_column_8d5027yp9\" class=\"cmsmasters_column one_fourth\">\n<div class=\"cmsmasters_column_inner\"><div id=\"cmsmasters_icon_xxkmcvidgq\" class=\"cmsmasters_icon_wrap\"><span class=\"cmsmasters_simple_icon cmsmasters-icon-custom-cursor\"><\/span><span class=\"cmsmasters_simple_icon_title\"><\/span><\/div>\n<div id=\"cmsmasters_heading_hjnnlcj7dh\" class=\"cmsmasters_heading_wrap cmsmasters_heading_align_center\">\n\t<h2 class=\"cmsmasters_heading\">Pflegemittel<\/h2>\n<\/div><div class=\"cmsmasters_text\">\n<p style=\"text-align: center;\"><span style=\"color: #fff; font-size: 15px; line-height: 25px; font-weight: 400;\">Pflegemittel erleichtern die t\u00e4gliche Pflege und tragen dazu bei, die Hygiene und das Wohlbefinden zu erhalten. Dazu geh\u00f6ren unter anderem Einmalhandschuhe, Desinfektionsmittel, Bettschutzeinlagen, Mundschutz und Schutzsch\u00fcrzen.<\/span><\/p>\n<\/div>\n<\/div><\/div>\n<\/div>\n<\/div>\n<\/div>\n<\/div>\n<\/div>\n<div id=\"cmsmasters_row_43vco2yxkb\" class=\"cmsmasters_row cmsmasters_color_scheme_third cmsmasters_row_top_default cmsmasters_row_bot_default cmsmasters_row_boxed\">\n<div class=\"cmsmasters_row_outer_parent\">\n<div class=\"cmsmasters_row_outer\">\n<div class=\"cmsmasters_row_inner\">\n<div class=\"cmsmasters_row_margin\">\n<div id=\"cmsmasters_column_0xr0fq3nue\" class=\"cmsmasters_column one_first\">\n<div class=\"cmsmasters_column_inner\"><div class=\"cmsmasters_text\">\n<h3 style=\"text-align: center;\"><span style=\"font-size: 28px; line-height: 36px; font-weight: 300;\">Gerne unterst\u00fctzen wir Sie in allen Lebensphasen. <strong>MIM<\/strong>-Pflegedienst<\/span><\/h3>\n<h4 style=\"text-align: center;\">Den bei uns steht der Mensch im Mittelpunkt<\/h4>\n<\/div>\n<\/div><\/div>\n<\/div>\n<\/div>\n<\/div>\n<\/div>\n<\/div>\n\n","protected":false},"excerpt":{"rendered":"","protected":false},"author":1,"featured_media":0,"parent":0,"menu_order":0,"comment_status":"closed","ping_status":"closed","template":"","meta":{"_sitemap_exclude":false,"_sitemap_priority":"","_sitemap_frequency":"","footnotes":""},"class_list":["post-1073","page","type-page","status-publish","hentry"],"_links":{"self":[{"href":"https:\/\/mim-pflegedienst.de\/index.php\/wp-json\/wp\/v2\/pages\/1073","targetHints":{"allow":["GET"]}}],"collection":[{"href":"https:\/\/mim-pflegedienst.de\/index.php\/wp-json\/wp\/v2\/pages"}],"about":[{"href":"https:\/\/mim-pflegedienst.de\/index.php\/wp-json\/wp\/v2\/types\/page"}],"author":[{"embeddable":true,"href":"https:\/\/mim-pflegedienst.de\/index.php\/wp-json\/wp\/v2\/users\/1"}],"replies":[{"embeddable":true,"href":"https:\/\/mim-pflegedienst.de\/index.php\/wp-json\/wp\/v2\/comments?post=1073"}],"version-history":[{"count":44,"href":"https:\/\/mim-pflegedienst.de\/index.php\/wp-json\/wp\/v2\/pages\/1073\/revisions"}],"predecessor-version":[{"id":2954,"href":"https:\/\/mim-pflegedienst.de\/index.php\/wp-json\/wp\/v2\/pages\/1073\/revisions\/2954"}],"wp:attachment":[{"href":"https:\/\/mim-pflegedienst.de\/index.php\/wp-json\/wp\/v2\/media?parent=1073"}],"curies":[{"name":"wp","href":"https:\/\/api.w.org\/{rel}","templated":true}]}}